 s = -3*w - w + 44. Suppose 4*b = -3 + w. What is the units digit of b?
2
Let k be (1/3)/(1/9). Let x be (16/(-3))/(2/(-6)). Suppose -h - f + 9 = 3*f, x = h - k*f. What is the tens digit of h?
1
Let p = 11 + -7. Suppose -2*s = -2*a + a - p, -5*a - 8 = -4*s. What is the units digit of s?
2
Suppose 5*i + 6 = 1. Let f be (i/(-2))/((-2)/(-16)). Suppose -f*h + b = -4*b - 39, h + 3*b + 3 = 0. What is the units digit of h?
6
Let d = -96 - -159. What is the units digit of d?
3
Let q(o) = o - 8. Let y(p) = -3*p + 1. Let l be y(-3). Let k be q(l). Suppose -k*u + 6*u = 3*w - 39, 5*u = 4*w - 51. What is the units digit of w?
9
Suppose -4*v + 23 = -25. What is the units digit of 1/((v/(-3))/(-4))?
1
Suppose -24 = -4*m + m. Suppose 2*r + m = 48. What is the units digit of r?
0
Let g = -9 + 30. What is the tens digit of g?
2
Let u = -11 + 15. Let p(s) = -s**2 + 5*s + 2. What is the units digit of p(u)?
6
Let d = 0 - -3. Suppose -40 = -5*n + d*c, 40 = n + 2*n - 5*c. What is the units digit of n?
5
Suppose -2*d - 3*b + 44 = 0, 5*d - 84 = d - 5*b. Let k = d + -13. What is the units digit of k?
3
Let n(t) = t**3 + 5*t**2 + 3*t + 5. Let w be n(-5). Let f be 24/14 + (-2)/(-7). What is the units digit of ((-8)/5)/(f/w)?
8
Let v be (-3)/(-6) + (-35)/(-10). Suppose n + v = 0, -5*n - 105 = 5*h - 320. What is the tens digit of h?
4
Suppose -g - 4*q + 6 = 0, -7*g + 3*q + 24 = -3*g. Suppose -3*b + g*b - 24 = 0. What is the units digit of b?
8
Suppose 10*w = 15*w - 555. What is the tens digit of w?
1
Let w(f) = 7*f**2 - 3*f + 2. Let j be w(2). Let a = 8 + j. Suppose a = r + r. What is the units digit of r?
6
Let s(h) = -h**3 + 14*h**2 - h + 20. What is the units digit of s(14)?
6
What is the units digit of ((-202)/(-4))/(3/6) + 0?
1
Suppose -112 = -3*h + 2*y, -y = h + 2*y - 30. Let t = h - 23. What is the units digit of t?
3
What is the tens digit of -4 + (-957)/(-5) - 2/5?
8
What is the units digit of 19*(-2 - -3)*2?
8
Let v = -58 + 114. Suppose -5*w + 74 = -v. What is the units digit of w?
6
Let k = 109 - 58. What is the units digit of k?
1
Suppose 0 = 2*a - a - 20. What is the units digit of a?
0
Suppose -3*t = -4 - 2. Suppose -t*v = 5*p - 0*p - 17, 5*v - 58 = 3*p. Let z = v + -3. What is the units digit of z?
8
Let c be (-6 - (0 + 1))/1. Let z(r) be the third derivative of -r**6/120 - r**5/10 + r**4/4 + r**3/2 + 9*r**2. What is the tens digit of z(c)?
1
Let o = -14 + 11. Let n(m) = -m**3 + 2*m + 1. What is the units digit of n(o)?
2
What is the tens digit of 12/(-4) - 42/(-1)?
3
Let i(v) = v**3 - 9*v**2 - v + 12. Let k be i(9). Suppose 0 = -r - 2*j - k*j - 8, -r = 3*j + 2. What is the units digit of r?
7
Let f be (-723)/(-12) + (-2)/8. Suppose 0 = 2*r + 24 - f. Let x = 39 - r. What is the tens digit of x?
2
Suppose x - 4*s + 1 = -13, s = x + 2. Suppose -x*w + 17 + 3 = 0. What is the units digit of w?
0
Suppose -b + 6*b = 10. Suppose -4*v - a + 4*a + 104 = 0, b*a = 0. What is the tens digit of v?
2
Suppose 4*x - 100 = 2*t, -x - 5*t + 25 = -4*t. Let p = 42 - x. Let k = -10 + p. What is the units digit of k?
7
What is the tens digit of (-3)/(9/(-156)) + (-8)/4?
5
Suppose 106 = 3*b + 5*k, 2*k + 93 = 4*b - k. What is the units digit of b?
7
Let j be 2/8 - (-7)/4. Suppose -10 = 2*x + j. What is the tens digit of (-2)/x + (-145)/(-15)?
1
Let w(l) = l - 2. Let c be w(3). Suppose 17 + c = -3*f. What is the units digit of 14 + (-2)/4*f?
7
Suppose -79 = -5*q + 3*g + 28, -2*q - 2*g + 46 = 0. What is the units digit of q?
2
Let g(b) = 5*b**3 + b - 2. Let u be g(2). Suppose 2*h - 5*p = 26, -u = -2*h - p - p. What is the tens digit of h?
1
Let v be 0/(1/(2/4)). Suppose 5*f - 10 - 40 = v. What is the units digit of f?
0
What is the tens digit of ((-6)/4)/((-23)/828)?
5
Suppose -38 - 105 = -q + 2*p, -4*q = -5*p - 566. What is the tens digit of q?
3
Let j(x) = -26*x**3 - 3*x**2 - 5*x - 5. What is the tens digit of j(-2)?
0
Let c = -6 + 6. Suppose c = -x - f + 2, 5 = -f + 2. What is the units digit of x?
5
Suppose s = 2*s - 4*h, 3*h = 4*s. Suppose 0 = 5*a - f + 3*f - 66, s = 5*a + 4*f - 62. What is the tens digit of a?
1
Let k = -8 + 13. Suppose z = k*m - z - 17, 5*z = -m - 2. What is the units digit of m?
3
Suppose -3*s - 7 = -2*q, -3*q = 2*s + 2*s - 19. Suppose 2*y - 1 - q = 0. What is the units digit of y?
3
Let d(c) = 15*c**2 - 3*c - 6. What is the units digit of d(-2)?
0
Suppose -2*g - z = -155, g + 3*z - 85 = 4*z. What is the units digit of g?
0
Let o be (1*-3)/((-9)/6). Suppose o*b - 4*b = -6. Suppose -7 = -b*x - 1. What is the units digit of x?
2
Let k = -49 + 88. What is the units digit of k?
9
Let l = 5 + -7. Let n = l - -3. Suppose h - 4*g = 3 + n, -h = -5*g - 4. What is the units digit of h?
4
Let w be (-3)/((-18)/(-39))*-2. Suppose -q + 5*j = -45, -4*j - w = 7. What is the tens digit of q?
2
Let v = 5 + 7. Let h be (v/15)/((-3)/(-15)). Let i = h + 5. What is the units digit of i?
9
Let g(a) = -a**3 - 7*a**2 - 2*a - 10. Let h be g(-7). Suppose 0*w - w = -h*j + 8, 4*j = 5*w + 24. What is the units digit of j?
1
Suppose 0 = 5*s + o - 1, o = -2*s - 3 + 1. What is the units digit of s?
1
Suppose -2*q + 38 = x - 4*q, 4*x = 2*q + 140. Suppose -4*j - x = -5*w - 7*j, -9 = -3*w + 2*j. Let z(n) = -n + 8. What is the units digit of z(w)?
3
Let t(j) = j**2 - 3*j + 1. Let w be t(1). Let q = 1 - w. Suppose -q + 6 = 4*g, -m + 10 = 4*g. What is the units digit of m?
6
Let m be 25/15 - 4/6. Let v be -15*1*m/(-3). Suppose -v*r + 2*r + 35 = 4*g, 0 = 5*r + 4*g - 53. What is the units digit of r?
9
Suppose -5*f + 30 = -5*a, 0 = -f + 5*a + 4 + 6. Suppose 28 + 12 = f*u. What is the units digit of u?
8
Let i be 1/(-2) + (-162)/4. Let w = i + 71. What is the tens digit of w?
3
Let u(n) be the second derivative of n**5/20 - n**4/3 - 2*n**3/3 - 3*n**2/2 + n. Let h be u(5). Let z = h + 0. What is the units digit of z?
2
Let x(y) = -y**3 + 7*y**2 + 5. Let w be x(7). Suppose -w*t = 2*f - 164, -t + 5*f = -6*t + 170. What is the tens digit of t?
3
Let o(y) = -4*y**2 - 14*y + 2. Let j(v) = -5*v**2 - 15*v + 2. Let s(c) = 5*j(c) - 6*o(c). Let p(r) = -r + 1. Let b be p(-6). What is the tens digit of s(b)?
1
Let j be (-1)/(-3) + 35/21. Suppose -3*o + 29 = -j*o. What is the units digit of o?
9
Suppose -4*f + m + 11 = 0, 2*f + 0*m = -5*m - 11. Suppose f = o - 5. Suppose -o*k + 40 = -2*k. What is the units digit of k?
8
Let v = -153 + 216. What is the units digit of v?
3
Let g be (-2)/10 + 2902/10. What is the units digit of g/14 - (-8)/28?
1
Suppose 2 = -m + 7. Suppose 15 = -m*s, -2*s + 1 + 23 = 5*l. What is the units digit of (-1)/((-3)/l*1)?
2
Suppose 0*p + p = 4. Suppose 4*l - 8 = p. Let t = l + -1. What is the units digit of t?
2
Suppose -8 - 4 = -2*r. Let j = 5 + r. What is the tens digit of j?
1
Let s be 5/(15/6) - 43. Let k = -18 - s. What is the tens digit of k?
2
What is the units digit of (0 - -9)/((-4)/(-3) - 1)?
7
Suppose f = -0*f + 61. Suppose -f = -4*q - 3*s, 3*q - 2*s + 66 = 7*q. Suppose 2*c = 4*j - 30, 0*j + 3*c = -2*j + q. What is the units digit of j?
8
Suppose -4*u + 110 + 170 = 0. What is the tens digit of u?
7
Let s be 2*6/8*14. Suppose s - 66 = -5*g. What is the units digit of g?
9
Let g(d) = d**2 + d - 10. Let c be g(-8). Suppose 5*f = -16 + c. What is the units digit of f?
6
Let x = 108 - -19. What is the units digit of x?
7
Let x(p) = p**3 - 7*p**2 + 7*p - 4. Let m be x(6). Suppose m*z = 3*z - 16. What is the units digit of z?
6
Let i(p) = -p - 2. Let k be i(-5). Suppose 3*f + 30 = -2*z + 8, -27 = 3*z + k*f. What is the units digit of ((-3)/z)/(2/10)?
3
Suppose -4 - 3 = -o. Let n = -4 + o. What is the units digit of n?
3
Let n = 226 + -95. What is the tens digit of n?
3
Let b(q) = 4*q + 6. Let z be b(-4). Suppose -o - 3*v + 14 = 0, -2*o + 5*v - 5 - 11 = 0. What is the units digit of 1 - 1 - z/o?
5
Suppose 2*p = 121 - 43. Suppose 4*x + p = 5*x. What is the units digit of x?
9
Let q be 97/9 + 6/27. Suppose -3 = o - q. Let c = 1 + o. What is the units digit of c?
9
Suppose b - 1 = -0. Suppose -s - b = t, 5*s = -3*t - 0*s - 9. What is the units digit of t?
2
Suppose 2*q - 268 = 4*v, 2*v = 2*q - 327 + 57. What is the units digit of q?
6
Suppose 4*t = 2*t + 30. Suppose -3*h + t = -75. What is the tens digit of h?
3
Suppose 10 = 3*h + 4*d - 0*d, -2*h = -2*d - 16. What is the units digit of 